[INFO] cloning repository https://github.com/misabiko/UnityTemplatePacker
[INFO] running `Command { std: "git" "-c" "credential.helper=" "-c" "credential.helper=/workspace/cargo-home/bin/git-credential-null" "clone" "--bare" "https://github.com/misabiko/UnityTemplatePacker" "/workspace/cache/git-repos/https%3A%2F%2Fgithub.com%2Fmisabiko%2FUnityTemplatePacker", kill_on_drop: false }`
[INFO] [stderr] Cloning into bare repository '/workspace/cache/git-repos/https%3A%2F%2Fgithub.com%2Fmisabiko%2FUnityTemplatePacker'...
[INFO] running `Command { std: "git" "rev-parse" "HEAD", kill_on_drop: false }`
[INFO] [stdout] f7c131aca403bf247846a3e76607a37db7e86520
[INFO] checking misabiko/UnityTemplatePacker against master#af3c6e733a40e671550e0f0f5aeecaa13772ba56 for pr-74989
[INFO] running `Command { std: "git" "clone" "/workspace/cache/git-repos/https%3A%2F%2Fgithub.com%2Fmisabiko%2FUnityTemplatePacker" "/workspace/builds/worker-5/source", kill_on_drop: false }`
[INFO] [stderr] Cloning into '/workspace/builds/worker-5/source'...
[INFO] [stderr] done.
[INFO] validating manifest of git repo https://github.com/misabiko/UnityTemplatePacker on toolchain af3c6e733a40e671550e0f0f5aeecaa13772ba56
[INFO] running `Command { std: "/workspace/cargo-home/bin/cargo" "+af3c6e733a40e671550e0f0f5aeecaa13772ba56" "read-manifest" "--manifest-path" "Cargo.toml", kill_on_drop: false }`
[INFO] started tweaking git repo https://github.com/misabiko/UnityTemplatePacker
[INFO] finished tweaking git repo https://github.com/misabiko/UnityTemplatePacker
[INFO] tweaked toml for git repo https://github.com/misabiko/UnityTemplatePacker written to /workspace/builds/worker-5/source/Cargo.toml
[INFO] crate git repo https://github.com/misabiko/UnityTemplatePacker already has a lockfile, it will not be regenerated
[INFO] running `Command { std: "/workspace/cargo-home/bin/cargo" "+af3c6e733a40e671550e0f0f5aeecaa13772ba56" "fetch" "--locked" "--manifest-path" "Cargo.toml", kill_on_drop: false }`
[INFO] [stderr]     Blocking waiting for file lock on package cache
[INFO] running `Command { std: "docker" "create" "-v" "/var/lib/crater-agent-workspace/builds/worker-5/target:/opt/rustwide/target:rw,Z" "-v" "/var/lib/crater-agent-workspace/builds/worker-5/source:/opt/rustwide/workdir:ro,Z" "-v" "/var/lib/crater-agent-workspace/cargo-home:/opt/rustwide/cargo-home:ro,Z" "-v" "/var/lib/crater-agent-workspace/rustup-home:/opt/rustwide/rustup-home:ro,Z" "-e" "SOURCE_DIR=/opt/rustwide/workdir" "-e" "CARGO_TARGET_DIR=/opt/rustwide/target" "-e" "CARGO_HOME=/opt/rustwide/cargo-home" "-e" "RUSTUP_HOME=/opt/rustwide/rustup-home" "-w" "/opt/rustwide/workdir" "-m" "1610612736" "--user" "0:0" "--network" "none" "rustops/crates-build-env@sha256:d92eaeed33fa75130ca1ee6c8a01d1ffb62bac859dfdfb3450e3e5d1c0146529" "/opt/rustwide/cargo-home/bin/cargo" "+af3c6e733a40e671550e0f0f5aeecaa13772ba56" "metadata" "--no-deps" "--format-version=1", kill_on_drop: false }`
[INFO] [stdout] 14d5f68e821255419c5d16faf4353a987bedf0d9da8019a086c45288960aa984
[INFO] [stderr] WARNING: Your kernel does not support swap limit capabilities or the cgroup is not mounted. Memory limited without swap.
[INFO] running `Command { std: "docker" "start" "-a" "14d5f68e821255419c5d16faf4353a987bedf0d9da8019a086c45288960aa984", kill_on_drop: false }`
[INFO] running `Command { std: "docker" "inspect" "14d5f68e821255419c5d16faf4353a987bedf0d9da8019a086c45288960aa984", kill_on_drop: false }`
[INFO] running `Command { std: "docker" "rm" "-f" "14d5f68e821255419c5d16faf4353a987bedf0d9da8019a086c45288960aa984", kill_on_drop: false }`
[INFO] [stdout] 14d5f68e821255419c5d16faf4353a987bedf0d9da8019a086c45288960aa984
[INFO] running `Command { std: "docker" "create" "-v" "/var/lib/crater-agent-workspace/builds/worker-5/target:/opt/rustwide/target:rw,Z" "-v" "/var/lib/crater-agent-workspace/builds/worker-5/source:/opt/rustwide/workdir:ro,Z" "-v" "/var/lib/crater-agent-workspace/cargo-home:/opt/rustwide/cargo-home:ro,Z" "-v" "/var/lib/crater-agent-workspace/rustup-home:/opt/rustwide/rustup-home:ro,Z" "-e" "SOURCE_DIR=/opt/rustwide/workdir" "-e" "CARGO_TARGET_DIR=/opt/rustwide/target" "-e" "CARGO_INCREMENTAL=0" "-e" "RUST_BACKTRACE=full" "-e" "RUSTFLAGS=--cap-lints=forbid" "-e" "CARGO_HOME=/opt/rustwide/cargo-home" "-e" "RUSTUP_HOME=/opt/rustwide/rustup-home" "-w" "/opt/rustwide/workdir" "-m" "1610612736" "--user" "0:0" "--network" "none" "rustops/crates-build-env@sha256:d92eaeed33fa75130ca1ee6c8a01d1ffb62bac859dfdfb3450e3e5d1c0146529" "/opt/rustwide/cargo-home/bin/cargo" "+af3c6e733a40e671550e0f0f5aeecaa13772ba56" "check" "--frozen" "--all" "--all-targets" "--message-format=json", kill_on_drop: false }`
[INFO] [stdout] 9aac1c0da1c909fb98289c977f94adbadbb2b654cac2f86f7e0f2d14bfe9266f
[INFO] [stderr] WARNING: Your kernel does not support swap limit capabilities or the cgroup is not mounted. Memory limited without swap.
[INFO] running `Command { std: "docker" "start" "-a" "9aac1c0da1c909fb98289c977f94adbadbb2b654cac2f86f7e0f2d14bfe9266f", kill_on_drop: false }`
[INFO] [stderr]     Blocking waiting for file lock on package cache
[INFO] [stderr]     Checking cfg-if v0.1.10
[INFO] [stderr]    Compiling autocfg v1.0.0
[INFO] [stderr]    Compiling maybe-uninit v2.0.0
[INFO] [stderr]    Compiling log v0.4.8
[INFO] [stderr]    Compiling cc v1.0.50
[INFO] [stderr]     Checking lazy_static v1.4.0
[INFO] [stderr]    Compiling bitflags v1.2.1
[INFO] [stderr]    Compiling byteorder v1.3.4
[INFO] [stderr]     Checking scopeguard v1.1.0
[INFO] [stderr]     Checking linked-hash-map v0.5.2
[INFO] [stderr]    Compiling proc-macro2 v1.0.9
[INFO] [stderr]    Compiling getrandom v0.1.14
[INFO] [stderr]     Checking same-file v1.0.6
[INFO] [stderr]    Compiling proc-macro-nested v0.1.4
[INFO] [stderr]    Compiling memchr v2.3.3
[INFO] [stderr]     Checking ppv-lite86 v0.2.6
[INFO] [stderr]    Compiling proc-macro-hack v0.5.14
[INFO] [stderr]     Checking pin-utils v0.1.0-alpha.4
[INFO] [stderr]     Checking futures-task v0.3.4
[INFO] [stderr]     Checking futures-io v0.3.4
[INFO] [stderr]     Checking colorful v0.2.1
[INFO] [stderr]     Checking vec_map v0.8.1
[INFO] [stderr]     Checking copyless v0.1.4
[INFO] [stderr]     Checking iced_core v0.2.1
[INFO] [stderr]     Checking xi-unicode v0.2.0
[INFO] [stderr]    Compiling serde v1.0.104
[INFO] [stderr]     Checking unicode-segmentation v1.6.0
[INFO] [stderr]     Checking svg_fmt v0.2.1
[INFO] [stderr]     Checking float-ord v0.2.0
[INFO] [stderr]    Compiling ryu v1.0.2
[INFO] [stderr]     Checking adler32 v1.0.4
[INFO] [stderr]     Checking dtoa v0.4.5
[INFO] [stderr]     Checking itoa v0.4.5
[INFO] [stderr]     Checking fs_extra v1.1.0
[INFO] [stderr]    Compiling x11 v2.18.2
[INFO] [stderr]    Compiling servo-fontconfig-sys v4.0.9
[INFO] [stderr]     Checking glam v0.8.6
[INFO] [stderr]     Checking lock_api v0.3.4
[INFO] [stderr]     Checking walkdir v2.3.1
[INFO] [stderr]     Checking yaml-rust v0.4.3
[INFO] [stderr]     Checking iced_style v0.1.0
[INFO] [stderr]     Checking miniz_oxide v0.3.6
[INFO] [stderr]     Checking crc32fast v1.2.0
[INFO] [stderr]    Compiling cmake v0.1.42
[INFO] [stderr]    Compiling num-traits v0.2.11
[INFO] [stderr]    Compiling crossbeam-utils v0.7.2
[INFO] [stderr]    Compiling memoffset v0.5.4
[INFO] [stderr]    Compiling crossbeam-epoch v0.8.2
[INFO] [stderr]    Compiling xcb v0.9.0
[INFO] [stderr]    Compiling quote v0.6.13
[INFO] [stderr]     Checking raw-window-handle v0.3.3
[INFO] [stderr]     Checking net2 v0.2.33
[INFO] [stderr]     Checking memmap v0.7.0
[INFO] [stderr]     Checking shared_library v0.1.9
[INFO] [stderr]     Checking parking_lot_core v0.7.2
[INFO] [stderr]     Checking dirs v1.0.5
[INFO] [stderr]     Checking filetime v0.2.8
[INFO] [stderr]     Checking xattr v0.2.2
[INFO] [stderr]    Compiling parking_lot_core v0.6.2
[INFO] [stderr]    Compiling parking_lot v0.9.0
[INFO] [stderr]     Checking nix v0.14.1
[INFO] [stderr]     Checking relevant v0.4.2
[INFO] [stderr]     Checking smallvec v0.6.13
[INFO] [stderr]     Checking x11-dl v2.18.5
[INFO] [stderr]    Compiling wayland-scanner v0.23.6
[INFO] [stderr]    Compiling syn v0.15.44
[INFO] [stderr]     Checking ash v0.29.0
[INFO] [stderr]     Checking rand_core v0.5.1
[INFO] [stderr]     Checking flate2 v1.0.13
[INFO] [stderr]     Checking mio v0.6.21
[INFO] [stderr]     Checking tar v0.4.26
[INFO] [stderr]     Checking parking_lot v0.10.2
[INFO] [stderr]     Checking stb_truetype v0.3.1
[INFO] [stderr]     Checking fxhash v0.2.1
[INFO] [stderr]     Checking gfx-hal v0.4.1
[INFO] [stderr]     Checking rand_chacha v0.2.2
[INFO] [stderr]    Compiling quote v1.0.3
[INFO] [stderr]    Compiling libloading v0.5.2
[INFO] [stderr]    Compiling servo-freetype-sys v4.0.5
[INFO] [stderr]    Compiling expat-sys v2.1.6
[INFO] [stderr]     Checking mio-extras v2.0.6
[INFO] [stderr]     Checking rand v0.7.3
[INFO] [stderr]    Compiling syn v1.0.17
[INFO] [stderr]     Checking approx v0.3.2
[INFO] [stderr]     Checking ordered-float v1.0.2
[INFO] [stderr]     Checking line_drawing v0.7.0
[INFO] [stderr]     Checking euclid v0.20.7
[INFO] [stderr]     Checking crossbeam-deque v0.7.3
[INFO] [stderr]     Checking freetype v0.4.1
[INFO] [stderr]     Checking dlib v0.4.1
[INFO] [stderr]     Checking servo-fontconfig v0.4.0
[INFO] [stderr]     Checking rusttype v0.8.2
[INFO] [stderr]     Checking wayland-sys v0.23.6
[INFO] [stderr]     Checking twox-hash v1.5.0
[INFO] [stderr]    Compiling wayland-client v0.23.6
[INFO] [stderr]    Compiling wayland-protocols v0.23.6
[INFO] [stderr]     Checking rusttype v0.7.9
[INFO] [stderr]     Checking glyph_brush_layout v0.1.9
[INFO] [stderr]     Checking andrew v0.2.1
[INFO] [stderr]     Checking lyon_geom v0.14.1
[INFO] [stderr]     Checking glyph_brush v0.6.3
[INFO] [stderr]     Checking lyon_path v0.14.0
[INFO] [stderr]    Compiling synstructure v0.10.2
[INFO] [stderr]     Checking font-kit v0.4.0
[INFO] [stderr]     Checking calloop v0.4.4
[INFO] [stderr]     Checking wayland-commons v0.23.6
[INFO] [stderr]    Compiling zerocopy-derive v0.1.4
[INFO] [stderr]    Compiling euclid_macros v0.1.0
[INFO] [stderr]     Checking rendy-memory v0.5.2
[INFO] [stderr]     Checking rendy-descriptor v0.5.1
[INFO] [stderr]     Checking gfx-backend-empty v0.4.0
[INFO] [stderr]     Checking serde_json v1.0.48
[INFO] [stderr]     Checking serde_yaml v0.8.11
[INFO] [stderr]     Checking euclid v0.19.9
[INFO] [stderr]     Checking zerocopy v0.2.8
[INFO] [stderr]     Checking guillotiere v0.4.4
[INFO] [stderr]     Checking clipboard_x11 v0.1.0
[INFO] [stderr]    Compiling futures-macro v0.3.4
[INFO] [stderr]     Checking smithay-client-toolkit v0.6.6
[INFO] [stderr]     Checking smithay-clipboard v0.3.7
[INFO] [stderr]     Checking winit v0.22.2
[INFO] [stderr]     Checking futures-util v0.3.4
[INFO] [stderr]     Checking clipboard_wayland v0.1.0
[INFO] [stderr]     Checking window_clipboard v0.1.1
[INFO] [stderr]     Checking gfx-backend-vulkan v0.4.2
[INFO] [stderr]     Checking wgpu-native v0.4.3
[INFO] [stderr]     Checking futures-executor v0.3.4
[INFO] [stderr]     Checking futures v0.3.4
[INFO] [stderr]     Checking iced_futures v0.1.2
[INFO] [stderr]     Checking iced_native v0.2.2
[INFO] [stderr]     Checking iced_winit v0.1.0
[INFO] [stderr]     Checking wgpu v0.4.0
[INFO] [stderr]     Checking wgpu_glyph v0.7.0
[INFO] [stderr]     Checking iced_wgpu v0.2.3
[INFO] [stderr]     Checking iced v0.1.1
[INFO] [stderr]     Checking unity_template_packer v0.1.0 (/opt/rustwide/workdir)
[INFO] [stdout] error[E0433]: failed to resolve: use of undeclared type or module `UnityEditor`
[INFO] [stdout]    --> src/lib.rs:151:27
[INFO] [stdout]     |
[INFO] [stdout] 151 |         let non_existing_path = UnityEditor::new("ksdjngkjsfgn".as_ref());
[INFO] [stdout]     |                                 ^^^^^^^^^^^ not found in this scope
[INFO] [stdout]     |
[INFO] [stdout] help: consider importing this struct
[INFO] [stdout]     |
[INFO] [stdout] 144 |     use crate::config::UnityEditor;
[INFO] [stdout]     |
[INFO] [stdout] 
[INFO] [stdout] 
[INFO] [stdout] error[E0433]: failed to resolve: use of undeclared type or module `UnityEditor`
[INFO] [stdout]    --> src/lib.rs:152:22
[INFO] [stdout]     |
[INFO] [stdout] 152 |         let invalid_path = UnityEditor::new(".".as_ref());
[INFO] [stdout]     |                            ^^^^^^^^^^^ not found in this scope
[INFO] [stdout]     |
[INFO] [stdout] help: consider importing this struct
[INFO] [stdout]     |
[INFO] [stdout] 144 |     use crate::config::UnityEditor;
[INFO] [stdout]     |
[INFO] [stdout] 
[INFO] [stdout] 
[INFO] [stdout] error[E0433]: failed to resolve: use of undeclared type or module `UnityProject`
[INFO] [stdout]    --> src/lib.rs:160:17
[INFO] [stdout]     |
[INFO] [stdout] 160 |         let project = UnityProject::new(".".as_ref());
[INFO] [stdout]     |                       ^^^^^^^^^^^^ not found in this scope
[INFO] [stdout]     |
[INFO] [stdout] help: consider importing this struct
[INFO] [stdout]     |
[INFO] [stdout] 144 |     use crate::config::UnityProject;
[INFO] [stdout]     |
[INFO] [stdout] 
[INFO] [stdout] 
[INFO] [stdout] error[E0433]: failed to resolve: use of undeclared type or module `UnityEditor`
[INFO] [stdout]    --> src/lib.rs:166:16
[INFO] [stdout]     |
[INFO] [stdout] 166 |         let editor = UnityEditor::new(SAMPLE_EDITOR_PATH.as_ref());
[INFO] [stdout]     |                      ^^^^^^^^^^^ not found in this scope
[INFO] [stdout]     |
[INFO] [stdout] help: consider importing this struct
[INFO] [stdout]     |
[INFO] [stdout] 144 |     use crate::config::UnityEditor;
[INFO] [stdout]     |
[INFO] [stdout] 
[INFO] [stdout] 
[INFO] [stdout] error[E0433]: failed to resolve: use of undeclared type or module `UnityProject`
[INFO] [stdout]    --> src/lib.rs:172:17
[INFO] [stdout]     |
[INFO] [stdout] 172 |         let project = UnityProject::new(SAMPLE_PROJECT_PATH.as_ref());
[INFO] [stdout]     |                       ^^^^^^^^^^^^ not found in this scope
[INFO] [stdout]     |
[INFO] [stdout] help: consider importing this struct
[INFO] [stdout]     |
[INFO] [stdout] 144 |     use crate::config::UnityProject;
[INFO] [stdout]     |
[INFO] [stdout] 
[INFO] [stdout] 
[INFO] [stdout] error[E0433]: failed to resolve: use of undeclared type or module `PathBuf`
[INFO] [stdout]    --> src/lib.rs:188:11
[INFO] [stdout]     |
[INFO] [stdout] 188 |         assert!(PathBuf::from("com.misabiko.template.clean-urp.tgz").exists());
[INFO] [stdout]     |                 ^^^^^^^ not found in this scope
[INFO] [stdout]     |
[INFO] [stdout] help: consider importing one of these items
[INFO] [stdout]     |
[INFO] [stdout] 144 |     use crate::config::PathBuf;
[INFO] [stdout]     |
[INFO] [stdout] 144 |     use std::path::PathBuf;
[INFO] [stdout]     |
[INFO] [stdout] 
[INFO] [stdout] 
[INFO] [stdout] error[E0308]: mismatched types
[INFO] [stdout]    --> src/lib.rs:187:11
[INFO] [stdout]     |
[INFO] [stdout] 187 |         run_cli(config);
[INFO] [stdout]     |                 ^^^^^^ expected struct `PackerConfig`, found enum `config::Config`
[INFO] [stdout] 
[INFO] [stdout] 
[INFO] [stdout] error: aborting due to 7 previous errors
[INFO] [stdout] 
[INFO] [stdout] 
[INFO] [stdout] Some errors have detailed explanations: E0308, E0433.
[INFO] [stdout] 
[INFO] [stdout] For more information about an error, try `rustc --explain E0308`.
[INFO] [stdout] 
[INFO] [stderr] error: could not compile `unity_template_packer`.
[INFO] [stderr] 
[INFO] [stderr] To learn more, run the command again with --verbose.
[INFO] [stderr] warning: build failed, waiting for other jobs to finish...
[INFO] [stderr] error: build failed
[INFO] running `Command { std: "docker" "inspect" "9aac1c0da1c909fb98289c977f94adbadbb2b654cac2f86f7e0f2d14bfe9266f", kill_on_drop: false }`
[INFO] running `Command { std: "docker" "rm" "-f" "9aac1c0da1c909fb98289c977f94adbadbb2b654cac2f86f7e0f2d14bfe9266f", kill_on_drop: false }`
[INFO] [stdout] 9aac1c0da1c909fb98289c977f94adbadbb2b654cac2f86f7e0f2d14bfe9266f
